inder when 461805 is divided by 2537?
71
What is the remainder when 649869317 is divided by 36?
17
Calculate the remainder when 175750467 is divided by 630.
627
Calculate the remainder when 35260 is divided by 3417.
1090
What is the remainder when 1777653 is divided by 3386?
3
What is the remainder when 1709233 is divided by 427306?
9
What is the remainder when 22478702 is divided by 39?
38
What is the remainder when 381728 is divided by 624?
464
What is the remainder when 113912956 is divided by 205?
196
What is the remainder when 757181 is divided by 252139?
764
What is the remainder when 25033 is divided by 34?
9
Calculate the remainder when 2672297 is divided by 39885.
2
Calculate the remainder when 1291672 is divided by 624.
616
What is the remainder when 907248 is divided by 453568?
112
What is the remainder when 151134 is divided by 716?
58
What is the remainder when 64771238 is divided by 377?
376
Calculate the remainder when 551450 is divided by 78591.
1313
Calculate the remainder when 45087764 is divided by 5635967.
28
Calculate the remainder when 9799207 is divided by 1427.
1425
What is the remainder when 1156863 is divided by 25?
13
Calculate the remainder when 1009092 is divided by 125928.
1668
What is the remainder when 474616994 is divided by 5720?
5714
Calculate the remainder when 31278 is divided by 9495.
2793
What is the remainder when 44741 is divided by 14347?
1700
Calculate the remainder when 16906 is divided by 114.
34
Calculate the remainder when 302693149 is divided by 296.
293
Calculate the remainder when 11681 is divided by 11630.
51
What is the remainder when 116088 is divided by 4483?
4013
Calculate the remainder when 278035 is divided by 2622.
103
Calculate the remainder when 120938 is divided by 20132.
146
What is the remainder when 2572072 is divided by 3289?
74
Calculate the remainder when 2867101 is divided by 311.
303
Calculate the remainder when 36046745 is divided by 371.
14
What is the remainder when 382240 is divided by 1560?
40
What is the remainder when 20027369 is divided by 125?
119
Calculate the remainder when 1240428 is divided by 310099.
32
Calculate the remainder when 1318514 is divided by 88.
10
Calculate the remainder when 184243 is divided by 791.
731
Calculate the remainder when 280417 is divided by 651.
487
What is the remainder when 3934362 is divided by 4949?
4856
What is the remainder when 366901 is divided by 59?
39
What is the remainder when 11276908 is divided by 3263?
3243
What is the remainder when 332636118 is divided by 115?
113
Calculate the remainder when 617567 is divided by 32503.
10
What is the remainder when 54627 is divided by 200?
27
Calculate the remainder when 67460623 is divided by 16865153.
11
Calculate the remainder when 775400 is divided by 10471.
546
Calculate the remainder when 8026778 is divided by 195.
188
Calculate the remainder when 1287428 is divided by 421.
10
Calculate the remainder when 301543 is divided by 100460.
163
What is the remainder when 54696 is divided by 246?
84
What is the remainder when 287748 is divided by 674?
624
Calculate the remainder when 3535141 is divided by 17587.
154
What is the remainder when 1304317 is divided by 1579?
63
What is the remainder when 504739 is divided by 38825?
14
Calculate the remainder when 32221355 is divided by 4857.
17
What is the remainder when 50982592 is divided by 222?
70
What is the remainder when 43891 is divided by 1342?
947
What is the remainder when 33617694 is divided by 154920?
54
Calculate the remainder when 3323832 is divided by 1661910.
12
What is the remainder when 688937 is divided by 4593?
4580
What is the remainder when 3500968 is divided by 1603?
16
Calculate the remainder when 4255921 is divided by 4892.
4773
Calculate the remainder when 61215910 is divided by 136.
134
What is the remainder when 1140231 is divided by 569782?
667
Calculate the remainder when 71776451 is divided by 623.
621
What is the remainder when 26523926 is divided by 37?
32
What is the remainder when 606691846 is divided by 475?
471
What is the remainder when 6573 is divided by 1324?
1277
Calculate the remainder when 2240 is divided by 1239.
1001
Calculate the remainder when 217626 is divided by 21738.
246
What is the remainder when 2246971 is divided by 1697?
143
Calculate the remainder when 276710849 is divided by 30.
29
Calculate the remainder when 11184673 is divided by 1370.
1363
What is the remainder when 221138 is divided by 212?
22
What is the remainder when 1378719 is divided by 726?
45
What is the remainder when 192579928 is divided by 7703197?
3
What is the remainder when 412849 is divided by 206288?
273
What is the remainder when 26486637 is divided by 224463?
3
Calculate the remainder when 4464317 is divided by 106293.
11
What is the remainder when 74548 is divided by 73?
15
Calculate the remainder when 4853600 is divided by 9072.
80
Calculate the remainder when 880505 is divided by 110.
65
What is the remainder when 6372644 is divided by 7?
5
What is the remainder when 4377441 is divided by 437744?
1
What is the remainder when 502212 is divided by 73?
45
What is the remainder when 67254302 is divided by 415150?
2
What is the remainder when 9035743 is divided by 16310?
3
Calculate the remainder when 186213 is divided by 6.
3
Calculate the remainder when 11371097 is divided by 100.
97
Calculate the remainder when 3746556 is divided by 4.
0
Calculate the remainder when 296185 is divided by 1590.
445
Calculate the remainder when 38079234 is divided by 15.
9
What is the remainder when 1851826 is divided by 132?
130
What is the remainder when 8075491 is divided by 7?
4
What is the remainder when 645628 is divided by 1115?
43
What is the remainder when 1797822 is divided by 347?
15
Calculate the remainder when 1455781 is divided by 596.
349
Calculate the remainder when 111308306 is divided by 19.
17
Calculate the remainder when 31733286 is divided by 1652.
18
Calculate the remainder when 1591880371 is divided by 1747.
1742
What is the remainder when 1166980 is divided by 3189?
2995
Calculate the remainder when 756696 is divided by 179.
63
What is the remainder when 364055 is divided by 664?
183
Calculate the remainder when 289577 is divided by 604.
261
Calculate the remainder when 116519385 is divided by 88.
81
Calculate the remainder when 3264680 is divided by 52.
16
Calculate the remainder when 16983929 is divided by 530747.
25
What is the remainder when 43930735 is divided by 87?
85
Calculate the remainder when 41591 is divided by 2584.
247
Calculate the remainder when 78579 is divided by 281.
180
Calculate the remainder when 165276 is divided by 12516.
2568
Calculate the remainder when 936594 is divided by 44.
10
What is the remainder when 30881 is divided by 1834?
1537
Calculate the remainder when 1590213 is divided by 18278.
27
Calculate the remainder when 552505 is divided by 103.
13
Calculate the remainder when 17136 is divided by 150.
36
What is the remainder when 44934 is divided by 14299?
2037
What is the remainder when 10667870 is divided by 692?
690
Calculate the remainder when 696368 is divided by 194.
102
What is the remainder when 1684791 is divided by 185?
181
Calculate the remainder when 739409 is divided by 1338.
833
What is the remainder when 115935 is divided by 560?
15
What is the remainder when 21150187 is divided by 155516?
11
What is the remainder when 3884603 is divided by 205?
58
Calculate the remainder when 2391508 is divided by 4783.
8
Calculate the remainder when 157715117 is divided by 9.
8
What is the remainder when 128710 is divided by 4081?
2199
Calculate the remainder when 106710 is divided by 26488.
758
What is the remainder when 14731894 is divided by 294636?
94
Calculate the remainder when 536243 is divided by 13393.
523
What is the remainder when 4325420 is divided by 56?
36
Calculate the remainder when 554555 is divided by 16.
11
What is the remainder when 11536683 is divided by 399?
396
Calculate the remainder when 312515718 is divided by 78759.
6
Calculate the remainder when 1684585 is divided by 133.
7
Calculate the remainder when 1417864 is divided by 23631.
4
Calculate the remainder when 151772 is divided by 75876.
20
Calculate the remainder when 46464542 is divided by 